te the greatest common divisor of 3 and z.
3
Let d = -47 + 71. Let u be -14*(-1 + 2/14). What is the greatest common factor of d and u?
12
Let z be (-4 + 3 + -1)*-2. What is the greatest common factor of 12 and z?
4
Let r(x) = -x**3 - 3*x**2 + 2*x + 1. Let g be r(-5). Suppose -8 + g = 3*z. Calculate the greatest common factor of z and 55.
11
Suppose 0 = -4*k - 20, -40 + 200 = 4*p - 4*k. Let y be (p/(-7))/(1*-1). Suppose -y*s + 54 = -2*s. What is the highest common divisor of 45 and s?
9
Suppose 2*p - 6*p = -76. Suppose 0 = -3*c - 6, -v - 5*c + 10*c = -105. Calculate the highest common divisor of v and p.
19
Suppose 0 = 5*b + 94 - 14. Let v be b/(-3)*3/2. Calculate the highest common divisor of v and 20.
4
Let w(r) = r**2 - r - 6. Let j be w(5). Calculate the highest common divisor of j and 35.
7
Let h be (0/(2 + 2))/1. Suppose -3*d = -4*f - 55, -2*d - 2*f = -h*d - 60. What is the highest common factor of 50 and d?
25
Suppose 3*t - 8 = -g, -3*g + 2 = 2*t + 6. Let i be (54/3)/((-1)/(-2)). Calculate the highest common divisor of t and i.
4
Let u = 2 - 39. Let n = 53 + u. Suppose g = -5*p + 81, -2*p - 33 = -4*p - g. Calculate the highest common factor of n and p.
16
Let s be ((-12)/(-15))/(4/70). Let d = s - 2. What is the greatest common divisor of d and 8?
4
Let s = 14 - 10. Suppose -g + 3*g - s = 0. Calculate the highest common divisor of 22 and g.
2
Suppose 3*l - 5*j = 40, -l + 3*j = -0*j - 16. Let m(o) = o**2 - 9*o - 7. Let i be m(11). Calculate the greatest common factor of l and i.
5
Let o = 2 - 4. Let z be (-3)/(-3) + o + 13. What is the highest common factor of z and 3?
3
Suppose -5*m + 19 = 44, 5*m + 15 = -5*b. Suppose 4*h + 0*d = -b*d + 80, 2*h - 44 = d. What is the greatest common factor of 14 and h?
7
Let f be 26 - (-1 + 1 + 2). Suppose 3 = -u + 1. Let g be (u/4)/((-2)/32). What is the greatest common divisor of f and g?
8
Let i = -50 - -26. Let j = 24 + 14. Let x = j + i. Calculate the greatest common divisor of x and 7.
7
Let q be (72/(-15))/(4/(-10)). What is the highest common factor of 36 and q?
12
Let o(g) = g**2 + 5*g + 4. Suppose 5*k + 2*b - 74 = -0*k, 47 = 2*k - 5*b. Let z = 23 - k. Let w be o(z). Calculate the greatest common divisor of w and 8.
8
Let f be (-30)/(-7) - (-2)/(-7). Suppose 4*y - 5*h = -f*h - 21, y - h + 3 = 0. Let r be (264/10)/(y/(-20)). Calculate the highest common factor of r and 11.
11
Suppose 0 = -3*z, -3*z - 10 = -2*i - 8*z. Suppose -14 = -4*t + i*w + 33, 0 = 3*t + w - 21. Calculate the greatest common divisor of t and 32.
8
Suppose 0 = 2*o - 5*o + 84. Calculate the greatest common factor of 42 and o.
14
Suppose -12 = -2*u - 0*u. Let g(p) = 3*p - 1 - 3 + 3*p**3 - 6*p**2 - 2*p**3. Let k be g(u). Calculate the highest common factor of 14 and k.
14
Let r(z) = -z**3 + 13*z**2 - 11*z + 3. Let j be r(12). Suppose -t = -0*t - 15. Calculate the greatest common factor of j and t.
15
Suppose -4*c + 0 = -16. Suppose 4*q + 282 = 4*l - 2*l, -2*q = c*l + 136. Let y be 1 + 0 - q - -1. What is the highest common divisor of y and 18?
18
Suppose 0*v + 4*v - 96 = 0. Let r = 16 + -13. Calculate the highest common divisor of v and r.
3
Let x(n) = 6*n**3. Let o be x(1). What is the highest common factor of o and 66?
6
Let m(v) = -19*v**3 - v - v**2 + 2*v + 1 + 0. Let b be m(-1). Calculate the highest common factor of b and 90.
18
Suppose 2*v - 24 = -2*x, 5*v = -0*v + 4*x + 42. Suppose p = -v + 28. What is the highest common factor of p and 27?
9
Suppose -q + 2*p + 70 = 0, 5*q = -3*p + 293 - 8. What is the greatest common divisor of q and 15?
15
Let z(l) = 4*l**2 - l + 4. Let v be z(2). What is the greatest common factor of 6 and v?
6
Suppose -h - m = -12, h + 4*m + 6 = 3*h. What is the greatest common factor of 45 and h?
9
Suppose -d - 3*y - y = -100, -5*y = -d + 91. Calculate the greatest common factor of d and 24.
24
Let c = 47 - 43. What is the greatest common divisor of c and 6?
2
Suppose -a + 3*a + 4*d = 164, 253 = 3*a - d. What is the highest common factor of a and 42?
42
Let x = -1 - -3. Let w be 3 + 27/(-45) + 2/(-5). What is the greatest common divisor of w and x?
2
Let l(v) = -v. Let o(t) = -2*t**2 + 6*t - 4. Let g(w) = -4*l(w) - o(w). Let u be g(2). Calculate the highest common divisor of 2 and u.
2
Let w(k) be the first derivative of 79*k**4/4 + 2*k**3/3 - k - 13. Let g be 2/(3/(6/4)). Let l be w(g). What is the greatest common divisor of l and 16?
16
Suppose 3*i - 150 - 36 = 0. Let n = i + -44. Suppose -p - 1 = -3*y, y = -2*p + 6*p - n. Calculate the greatest common divisor of y and 8.
2
Suppose k - 1 + 2 = 0. Let v be 42*k/6*-10. Suppose 4*f = 2*d + 24 + 42, 5 = -d. What is the greatest common factor of f and v?
14
Suppose 8*h - 5*h - 45 = 0. What is the greatest common divisor of 5 and h?
5
Suppose 3*h - 6 = 6. Suppose 3 + 13 = h*g. Suppose 0*l + l = -3*v + 41, -g*v + 5*l = -61. What is the greatest common divisor of 14 and v?
14
Let p(z) = -2*z**3 + 2*z**2 + 1. Let u be p(2). Let c(s) = -s - 3. Let a be c(u). Calculate the highest common divisor of a and 12.
4
Let u = -24 + 54. What is the highest common divisor of 75 and u?
15
Suppose -3*f + 47 = 2*u, -f + 4*f = -u + 28. Suppose 30 + u = c. What is the highest common factor of 7 and c?
7
Let x(u) = 641*u + 10. Let d be x(-6). Let f be d/(-35) + 4/10. Calculate the highest common factor of 10 and f.
10
Let z = 3 - 1. Let c(d) = 66*d**3. Let g be c(-1). Let w be ((-8)/6)/(4/g). What is the greatest common divisor of w and z?
2
Let w = -163 - -253. Calculate the greatest common divisor of 10 and w.
10
Let t = 55 + -33. Suppose -4*x = -9*x + 990. What is the highest common factor of t and x?
22
Suppose -a + 0*a - 4*g = 11, 15 = -a - 5*g. Suppose a + 7 = 2*k. Calculate the greatest common factor of k and 60.
6
Suppose 55 = -d + 6*d. Let w be 333*4/2 + -2. Let v be (-2)/6 + w/12. What is the highest common factor of d and v?
11
Suppose 3282 = 17*s - 543. What is the highest common factor of s and 45?
45
Suppose -s - 4*o + 92 = 4*s, 5*s - 2*o - 104 = 0. Let w = s - 8. What is the highest common divisor of w and 30?
6
Suppose -6*b + 114 = -0*b. Let p be (-4 + (b - 4))*1. Calculate the greatest common divisor of 44 and p.
11
Suppose 0 = 3*z - 3 - 9. Suppose 2 = -f + z. Let y be (-28)/(-8) + (-1)/(-2). What is the greatest common factor of f and y?
2
Let c(k) = 2*k**2 + 8*k - 6. Let q be c(-6). Let p(v) = -v**3 + 22. Let g be p(0). Suppose z = g - 4. Calculate the highest common divisor of q and z.
18
Suppose 75 = 5*j + 3*h, -5*j + 69 = -2*j - 3*h. Calculate the greatest common divisor of j and 126.
18
Let o(p) = -5*p. Let m be o(-2). What is the highest common factor of 70 and m?
10
Let l(z) = 6*z - 6. Suppose 4*h = 4*w - 16, 0*w = -2*w + 4*h + 4. Let s be l(w). What is the greatest common divisor of 10 and s?
10
Suppose -2*r + 3*r - 22 = 0. Calculate the greatest common factor of 11 and r.
11
Let u be (-320)/(-6) - 4/(-6). Let z be -1*(-18 - (2 + -3 + 1)). What is the highest common factor of u and z?
18
Suppose 4*c + 13 = v, 0 = -v + c + 2*c + 12. Let z be 69/(-9) - (-2)/(-6). Let i be (z + 12)*(-6)/(-4). Calculate the highest common divisor of i and v.
3
Suppose -3 = -12*q + 9*q. What is the highest common factor of q and 7?
1
Let t(f) = f**3 + 10*f**2 + 2. Let b be t(-10). Suppose 2*k = b*q + 12, k = -2*k + 5*q + 14. What is the greatest common factor of k and 4?
4
Suppose 4*w + 4*k - 28 = 0, 0 = -3*k - 0*k - 9. What is the highest common divisor of w and 90?
10
Let i(b) = -24*b - 1. Let s be i(-6). Let x be 5/(-1 - -2)*-6. Let g = 43 + x. What is the greatest common divisor of s and g?
13
Let b(u) = 5 - 4*u - 4*u + 3*u. Let f be b(-8). What is the greatest common divisor of f and 15?
15
Let z = -92 + 96. Let u(i) = 2*i**2 + i - 1. Let a be u(-2). Suppose -z*t = a*y - 53, 4*t + 2*y = t + 38. Calculate the highest common divisor of 4 and t.
4
Let z be -140*(75/(-20))/3. Calculate the highest common factor of 25 and z.
25
Let h(n) = -14*n - 14. Let q be h(-3). Calculate the highest common divisor of q and 56.
28
Let u = -80 - -205. Calculate the highest common divisor of u and 25.
25
Let r = 214 + 346. Suppose 4*u + u - r = 0. What is the highest common factor of u and 16?
16
Let a be 1 - (-116 - (1 + -2)). Let l = 200 - a. Let d(w) = -w**3 + 19*w**2 + 12. Let 